(z) = -z**2 - z - 2. Let u = 374 + -372. Suppose u*g = 2*h + 8, 2*h = -0*g + 5*g - 11. Calculate b(h).
-8
Let y(q) = q**2 - 15*q + 12. Let k be (-3860)/35 - (-4)/14. Let t = 124 + k. Determine y(t).
-2
Suppose -420 = -3926*o + 3891*o. Let l(b) = -b**2 + 16*b - 8. Let z(k) = 2*k**2 - 31*k + 16. Let f(a) = 5*l(a) + 3*z(a). Determine f(o).
-4
Let f(x) = x**2 + 10*x + 15. Let s be f(-8). Let w = 206 + -199. Let g(o) = 20*o - 1. Let q(t) = -21*t + 1. Let y(u) = w*g(u) + 6*q(u). Give y(s).
-15
Let r(a) = -a**3 - 3*a**2 - 3*a. Suppose -2*i = 12 - 2, 2*v - 4*i - 24 = 0. Suppose v*o = o. Suppose z - 3*c + 5 = o, -5*z - 14 + 0 = -4*c. What is r(z)?
2
Let o(r) = -11*r - 55. Let u be o(-5). Suppose 0 = -4*k - 4*l - 16, -12 = 4*l - u*l. Let b(a) = 2*a**3 + 2*a**2 - 1. Determine b(k).
-1
Let o(s) = -s**2 - 123*s + 9789. Let w be o(-178). Let l(h) = 4 + 7*h - 4 - 1. What is l(w)?
-8
Let z(t) = -17*t - 443 + 872 - 353. What is z(4)?
8
Let t be (96/84)/(4/14). Let w(y) = 19*y**3 - 3*y**2 - t*y - 1 + y**2 + 20*y**3 - 38*y**3. What is w(3)?
-4
Let t(h) = 4*h + 9. Let c(u) = 7*u + 133. Let i be c(-19). Suppose 5*n + 5*w + 60 = i, w = -6*n + 2*n - 33. What is t(n)?
-19
Let d(g) = 14*g - 49. Let k(z) = -9*z + 33. Let x(i) = 5*d(i) + 8*k(i). Let c be ((-19)/(513/36))/(4/(-21)). Give x(c).
5
Let b(w) = w**3 + 7*w**2 + 6*w + 7. Suppose -4*l = -5*z, 3 = -l + 3*z - 4. Suppose -l*c = 15*c + 120. Calculate b(c).
7
Suppose -3*m + 3*t = 4*t + 30, -2*m = 2*t + 24. Let z(g) = -10 - g + 8 + 25 - 12 - 12. Determine z(m).
8
Let n(g) = g**2 + 3*g + 5. Let x(r) = r**3 + 14*r**2 + 30*r + 44. Let o(z) = -9*n(z) + x(z). Calculate o(-5).
-16
Let w be ((-56)/(-63))/(-8) + (-1054)/153. Let p(i) = -2*i**3 - 14*i**2 + 5*i + 19. Calculate p(w).
-16
Let c(o) = -5*o**2 - 46*o - 14. Let b(v) = -v**3 + 7*v**2 + 453*v - 84. Let g be b(25). What is c(g)?
-5
Let s(l) = 3*l**3 + l - 1. Let k = 13 + -9. Suppose -k = -g + 6*z - 4*z, -g + z = -2. Suppose g = -3*d - 11 + 14. What is s(d)?
3
Suppose 170*c = 175*c + 35. Let t(i) = i**3 + 7*i**2 - 5*i. What is t(c)?
35
Let o(n) = -4*n**3 + 5*n**2 - 7*n + 2. Suppose -31*k - 187*k - 61*k + 837 = 0. What is o(k)?
-82
Let h(q) = 26*q - 1. Let c(v) = -6*v**2 - 8*v - 20. Let s be c(8). Let p = s + 469. Give h(p).
25
Let v(w) = w**2 + 4*w - 4. Suppose 4*c = 4*y, -5*y + 30 = 3*c - 2*c. Suppose 4*r = y*m - 137, 112 - 16 = -3*r - 3*m. Let f = 27 + r. Determine v(f).
8
Let h(v) = v**2 - 43 + 22 + 0*v**2 + 24. Give h(0).
3
Let d(h) = -16 + 5183*h - 3 + h**2 - 5189*h - 20. Give d(-6).
33
Suppose -3*h + 9*i + 26 = 14*i, -9*h = 5*i - 38. Let u(x) = 2*x**2 + 3. What is u(h)?
11
Let m(z) be the second derivative of z**4/3 - 10*z**3 + 9*z**2/2 + 3337*z + 1. Determine m(15).
9
Let j be 9 + -7 - (3 - 3). Let p(t) = 12*t - t**j - t + 27 - 28 - 7*t. Calculate p(6).
-13
Let t(m) = m**3 + 15*m**2 - 2*m - 21. Let n = -137 - -157. Let o be (12/(-8))/(2/n). What is t(o)?
9
Suppose 86*y - 174 = 85*y. Let i = y - 180. Let j(h) = h**3 + 5*h**2 - 6*h + 4. What is j(i)?
4
Let a(d) = -6*d**3 + 2*d + 1. Let c be a(-1). Let r(i) be the second derivative of 8*i - 1/2*i**3 + 1/12*i**4 + 0 + 3/2*i**2. Give r(c).
13
Suppose 1419*p - 1425*p - 42 = 0. Let k(c) = 3*c**3 - 3*c**2 - 5*c - 11. Let h(g) = 2*g**3 - 4*g**2 - 5*g - 10. Let x(w) = -4*h(w) + 3*k(w). Give x(p).
-28
Let q(i) be the second derivative of -29*i**3/6 + 17*i**2/2 + 428*i + 2. What is q(1)?
-12
Let o(g) = -5*g - 61. Let m(h) = -2*h + 5. Let d(q) = -m(q) + o(q). What is d(-16)?
-18
Suppose -4*b = -24 + 4. Let o(w) = -7*w**2 + 16*w + 12. Let l(u) = 3*u**2 - 8*u - 6. Let m(h) = b*l(h) + 2*o(h). Give m(8).
-6
Let l(h) = 5*h**2 - 12*h + 3. Let w(r) = 11*r**2 - 24*r - 2. Let s(n) = -13*l(n) + 6*w(n). Determine s(-13).
-38
Let w(o) = -6*o**2 + 5452 - 10956 + 5497 + 2*o. Calculate w(2).
-27
Let k(x) = 23*x - 3*x - 4*x**2 + 19*x - x**3 - 7 + 7*x**2 - 17*x. What is k(6)?
17
Let p(z) = -2*z**3 - 4*z**2 - 8. Let x(v) = v**3 + 3*v**2 + 7. Let s be (6/(-9))/((-2)/(-9)). Let j(u) = s*x(u) - 2*p(u). Let h = 207 - 207. What is j(h)?
-5
Let v be 5123/(-470) - (-7)/(-70). Let z(o) = -17*o - 190. Calculate z(v).
-3
Let d be 2 - 0/(4/1). Let w(l) = -13*l + d*l + 2 + 6*l**2 + 6*l - l**3 + 0*l**2. Let q(g) = -10*g - 5. Let t be q(-1). Calculate w(t).
2
Let k be 7*(6/(-4))/((-231)/44). Let i(f) = 257399*f + f**3 - 257399*f - 1 + 11*f**k. What is i(-11)?
-1
Suppose 5*a + 5*w = -16 + 41, 10 = 2*a - 5*w. Let t(b) = -4*b**2 + 4*b - 9. Let j(n) = -3*n**2 + 4*n - 7. Let h(v) = a*j(v) - 4*t(v). Calculate h(3).
22
Let a(f) be the second derivative of f**8/6720 - f**7/2520 - 4*f**5/15 - 17*f**4/3 - 16*f. Let m(k) be the third derivative of a(k). Calculate m(0).
-32
Suppose -62*a - 179 = 69. Let g(j) = -4*j**2 - 9*j. What is g(a)?
-28
Let j be ((-4)/(-6))/((-8)/(-444)). Suppose 13*u - j = -24. Let b(k) = -3*k**2. Let s(d) = -d**2. Let c(r) = -b(r) - 6*s(r). What is c(u)?
9
Let y(x) = 11 - 106*x**2 - 10*x + 105*x**2 + 2*x. Suppose 3*m + 20 = -4*k - 22, -3*m - 51 = 5*k. Determine y(k).
2
Let z(x) = -153*x**2 + 151*x**2 + 4 + 20 - 2*x + 52*x. Calculate z(25).
24
Let y(f) = -f**3 - 5*f**2 - 6*f - 1. Let z = 119 - 159. Let g be (-54)/(-1)*(-2)/(-3). Let r = g + z. Give y(r).
7
Let f(x) = -2*x - 42. Let a be -15 + (-12 - (2 - 7)). Give f(a).
2
Let g be 15/(-30)*(2 - 1 - 3). Let k(w) = w + 2. Let r(q) = -q**2 - 2*q + 14. Let d(t) = g*r(t) - 3*k(t). What is d(-6)?
2
Let a = 86 - 79. Suppose 5*i = a*i - 4. Let h(c) = -4*c - 4*c**i + 2*c + 3*c**2. Determine h(-6).
-24
Let u(c) be the third derivative of -c**5/60 - c**4/24 + c**3/3 - c**2. Let g(b) = -b - 8. Let n be g(0). Let f be (-6)/n*2 - (-3)/2. What is u(f)?
-10
Let f be (-15 - -4)*4/3*6/(-44). Let y(n) = n**3 - 4*n**2 + 2*n - 2. Calculate y(f).
-6
Let x(w) = 2*w**2 - 14*w - 193. Let g be x(-7). Let p(l) = -3 + 5*l**3 - l**3 + l**2 + 3*l**2 - 5*l**3. Calculate p(g).
6
Suppose 143 = 5*x - 12. Let t(l) be the first derivative of -56*l + 2 - 2*l**2 + 25*l + x*l. Calculate t(4).
-16
Let g(o) = o**3 + 8*o**2 - 10*o - 6. Suppose -5*b + 44 = -3*b + 5*x, 127 = 5*b + 4*x. Let a be (1 - -1)/(3/150*5). Suppose -b = 23*z - a*z. Calculate g(z).
3
Let z(h) = 5*h**2 - 2*h - 5. Let f(y) = -3*y**2 + y + 3. Let b(d) = -8*f(d) - 5*z(d). Let l be b(-2). Let q(o) = -o**2 - 7*o + 4. Calculate q(l).
4
Let x(b) = -9 - 26 + 2*b**2 - 5*b + 5 + 49*b - 54*b. Calculate x(7).
-2
Let n be -34*2/(-12)*3. Let k = -172 - -203. Let l(m) = -k + 15 + n - 4*m. Calculate l(-1).
5
Let k = -4 - -6. Let n(m) = 0*m - m - 5*m + 5*m - 2*m**k + 2. Determine n(2).
-8
Let u(a) be the second derivative of -a**5/60 + 7*a**4/12 - 11*a**3/3 - 42*a**2 - a + 72. Let b(r) be the first derivative of u(r). Give b(12).
2
Let o(g) = -g**3 + 4*g**2 - 2*g + 3. Suppose -3*d + 2*c + 19 = 0, -7*d + 4*c = -6*d - 13. Suppose 58 - 43 = d*i. Determine o(i).
6
Let f(d) = 7 + 1 - 16*d**3 + 19*d**3 - 8*d**2 + 5*d**3 - 6*d**3. What is f(5)?
58
Let z(x) be the third derivative of -x**6/120 + x**5/20 + 7*x**4/24 - 5*x**3/6 + 2401*x**2. Determine z(3).
16
Let y(q) = 2*q**3 + 14*q**2 - 17*q - 7. Suppose 4*f + 2*n = -28, 34 = -5*f - 20*n + 17*n. Determine y(f).
1
Let n(j) = j**3 - 4*j**2 + 3*j + 2. Let d be n(3). Suppose -d*p = 3*p - 25. Let o(y) = -2 - 6*y + p*y - 4*y - y**2 + 0*y. Calculate o(-4).
2
Suppose 41 - 1 = 4*k. Suppose 0 = s + k*s + 77. Let a(p) = -p - 5. Determine a(s).
2
Suppose x + 3 = -2. Suppose -5*y + 45 + 95 = 0. Let z(f) = -4*f + 53 + 3*f - 32 - y. Give z(x).
-2
Let q(w) = w - 6*w + 5 - 6 - 3*w. Suppose -9*b - 12 + 3 = 0. Calculate q(b).
7
Let r(z) = -5*z + 7*z + 578*z**2 + 2 - 288*z**2 - 292*z**2. Calculate r(2).
-2
Let u(s) = 197*s - 432. Let f(a) = -16330*a + 35855. Let m(i) = -6*f(i) - 497*u(i). Calculate m(6).
0
Let x(u) be the third derivative of -u**4/6 - 67*u**3/2 + 13499*u**2. What is x(-51)?
3
Let r(f) be the first derivative of -f**3/6 - 4*f**2 - 76*f + 51. Let l(g) be the first derivative of r(g). What is l(-4)?
-4
Let d(s) be the third derivative of s**5/60 + 5*s**3/6 + 3404*s**2. Determine d(-4).
21
Suppose -30 = -3*z - 7*z. Let o(t) = -t**2 - 26 + 2*t**3 + 2*t**3 + t**3 + 24 - 4*t**z. Give o(2).
2
Let k(w) = -499*w - 91 - 483*w + 1456*w - 60 - 496*w. Determine k(-7).
3
Suppose 0 = 2*o + 4*s - 4, -13*s + 15*s - 6 = -2*o. Let b(h) = -5*h**2 + 2*h - 10. Le